778 and 924240660?
778
What is the highest common divisor of 3791330 and 30?
10
What is the greatest common divisor of 5396 and 231048626?
2698
What is the highest common factor of 8379 and 1826451?
171
Calculate the greatest common factor of 1440952 and 13108.
116
Calculate the highest common factor of 344944 and 9596.
4
What is the greatest common divisor of 34 and 12724313?
17
What is the highest common factor of 224322335 and 115?
115
What is the highest common divisor of 31125 and 3696654?
249
Calculate the greatest common divisor of 2062418 and 28268.
382
What is the greatest common factor of 18 and 547918?
2
What is the greatest common factor of 7072 and 9641632?
416
Calculate the greatest common factor of 1797 and 3166302.
3
Calculate the highest common divisor of 522 and 2182204818.
522
What is the greatest common divisor of 10013433 and 6?
3
Calculate the greatest common divisor of 4234 and 1743386.
146
Calculate the highest common divisor of 556395880 and 3880.
3880
Calculate the greatest common divisor of 2668 and 285050454.
1334
Calculate the greatest common divisor of 2354 and 1842214.
22
Calculate the highest common factor of 122451576 and 1248.
312
What is the highest common factor of 203 and 560042?
7
What is the greatest common factor of 11787334 and 6913?
223
Calculate the greatest common factor of 8664292 and 126.
14
Calculate the highest common divisor of 1292 and 129149612.
1292
Calculate the highest common divisor of 1294993564 and 23.
23
What is the highest common divisor of 122 and 117490087?
61
What is the greatest common factor of 108 and 567969516?
108
What is the greatest common divisor of 64 and 7901708?
4
Calculate the greatest common factor of 306 and 194814.
18
Calculate the greatest common factor of 26685 and 10650280.
2965
What is the greatest common factor of 97734 and 2203474?
182
Calculate the highest common divisor of 87 and 67689.
3
Calculate the highest common factor of 1295 and 50743983.
37
What is the highest common factor of 41418 and 1875042?
702
What is the highest common factor of 7268121 and 274302?
441
Calculate the greatest common divisor of 414 and 1554086862.
414
What is the greatest common factor of 10499390 and 110?
110
What is the highest common factor of 56359723 and 146?
73
Calculate the highest common divisor of 922586 and 2506.
14
Calculate the greatest common factor of 27 and 398388627.
9
What is the highest common divisor of 2386013 and 35?
7
Calculate the highest common divisor of 10032 and 65618400.
912
What is the highest common factor of 1185080 and 20540?
260
What is the highest common factor of 2373 and 73726737?
2373
Calculate the greatest common divisor of 151479 and 2493.
9
What is the highest common factor of 35748836 and 36?
4
Calculate the highest common factor of 1279784 and 9944.
88
What is the greatest common factor of 423327 and 1?
1
What is the greatest common divisor of 704 and 712608?
32
What is the greatest common factor of 143378 and 3366?
34
Calculate the greatest common factor of 11535 and 319995.
15
Calculate the greatest common divisor of 10347 and 4197433.
3449
What is the greatest common divisor of 364837902 and 429?
429
What is the greatest common factor of 187 and 23334217?
17
What is the greatest common divisor of 9378299 and 206423?
5579
Calculate the highest common divisor of 2524 and 1152017962.
1262
What is the highest common divisor of 9822388 and 394769?
6691
Calculate the highest common factor of 99 and 8895909.
33
Calculate the highest common divisor of 376096887 and 1251.
1251
What is the highest common factor of 86222720 and 15571?
677
What is the highest common divisor of 65800 and 5355400?
200
What is the highest common factor of 119841 and 6450?
129
What is the greatest common divisor of 165830078 and 37?
37
What is the highest common factor of 42744 and 10023936?
312
What is the greatest common factor of 144896 and 223004?
1132
Calculate the highest common divisor of 17082 and 57798.
234
Calculate the highest common factor of 2380 and 10392508.
476
Calculate the highest common divisor of 437414 and 522514.
1702
Calculate the greatest common factor of 356758640 and 193280.
12080
Calculate the greatest common divisor of 20 and 97586820.
20
Calculate the highest common divisor of 25272 and 2486133.
3159
What is the greatest common divisor of 165830 and 183134?
1442
What is the greatest common divisor of 2812 and 9220326?
74
What is the greatest common divisor of 180 and 14265860?
20
Calculate the highest common divisor of 173280 and 3340.
20
What is the highest common divisor of 22881 and 22258479?
789
What is the highest common divisor of 4180770 and 412?
206
What is the greatest common divisor of 13640 and 2736184?
2728
What is the highest common divisor of 168806404 and 26?
26
Calculate the greatest common factor of 500124 and 780006.
426
What is the greatest common divisor of 556634666 and 28?
14
Calculate the greatest common factor of 70 and 13355055.
35
Calculate the greatest common factor of 604202 and 20013.
953
What is the highest common factor of 998 and 6585802?
998
Calculate the greatest common factor of 108613908 and 78.
78
Calculate the greatest common factor of 2532960 and 55980.
180
What is the greatest common factor of 5135562 and 15066?
486
What is the greatest common factor of 1069783 and 22?
11
Calculate the greatest common divisor of 342910338 and 3573.
1191
What is the greatest common divisor of 232072 and 120?
8
Calculate the highest common divisor of 370814780 and 20.
20
What is the greatest common factor of 33660 and 336090?
510
What is the greatest common factor of 2023017 and 1173?
51
What is the highest common divisor of 300 and 959748?
12
What is the highest common factor of 7 and 246672041?
7
Calculate the greatest common divisor of 6296514 and 35854.
2758
What is the greatest common divisor of 98520900 and 237?
237
What is the highest common factor of 6519 and 6418671?
159
Calculate the greatest common divisor of 21 and 1588846.
7
What is the highest common divisor of 43 and 56810353?
43
What is the highest common divisor of 11248801 and 287?
41
What is the highest common divisor of 434768 and 178967?
937
What is the highest common divisor of 615430 and 320?
10
Calculate the highest common divisor of 1267854 and 42.
42
Calculate the highest common factor of 22519 and 71710147.
3217
Calculate the greatest common divisor of 9664413 and 1464.
183
What is the highest common factor of 33231 and 6377331?
3021
What is the greatest common divisor of 2444 and 18444868?
2444
Calculate the greatest common factor of 51883069 and 602.
301
What is the highest common factor of 129265 and 15965?
515
What is the greatest common divisor of 1431 and 2424?
3
What is the highest common factor of 24681194 and 3122?
446
Calculate the highest common divisor of 11176 and 5899912.
1016
Calculate the greatest common factor of 20677910 and 697961.
6523
Calculate the highest common divisor of 2577228 and 11720.
1172
What is the highest common factor of 3532776349 and 239?
239
Calculate the highest common divisor of 32386067 and 3122.
1561
Calculate the greatest common factor of 936 and 24333192.
936
What is the highest common divisor of 160832770 and 35?
35
Calculate the greatest common factor of 1616717 and 289.
17
What is the highest common factor of 26396700 and 1045?
1045
What is the greatest common divisor of 341 and 244440394?
341
Calculate the greatest common factor of 344 and 36970841.
43
Calculate the greatest common divisor of 461848 and 512.
8
What is the greatest common divisor of 553206 and 54513?
2019
Calculate the highest common divisor of 155 and 126513015.
155
Calculate the greatest common divisor of 732129400 and 20.
20
What is the highest common factor of 671847189 and 13?
13
Calculate the greatest common factor of 348894 and 33654.
426
Calculate the greatest common divisor of 3832731 and 1911.
147
Calculate the highest common factor of 311 and 11812091.
311
What is the highest common factor of 780912 and 482256?
2448
Calculate the highest common divisor of 376 and 48440.
8
What is the greatest common factor of 825961996 and 76?
76
What is the highest common divisor of 53393663 and 1732?
433
What is the greatest commo